{"id":110,"date":"2010-11-08T10:01:22","date_gmt":"2010-11-08T10:01:22","guid":{"rendered":"http:\/\/co2-klimaretter.de\/?page_id=110"},"modified":"2012-11-19T13:36:11","modified_gmt":"2012-11-19T13:36:11","slug":"anlage-florina","status":"publish","type":"page","link":"http:\/\/co2-klimaretter.de\/?page_id=110","title":{"rendered":"Anlage Florina"},"content":{"rendered":"<p>Die Anlage produziert seit anfang 2011 \u00fcberdurchschnittliche Ertr\u00e4ge<\/p>\n<p><a href=\"http:\/\/co2-klimaretter.de\/wp-content\/uploads\/2010\/11\/2.-Anlage-150-kwp.jpg\"><img loading=\"lazy\" decoding=\"async\" class=\"alignnone size-medium wp-image-112\" title=\"2. Anlage 150 kwp\" src=\"http:\/\/co2-klimaretter.de\/wp-content\/uploads\/2010\/11\/2.-Anlage-150-kwp-300x224.jpg\" alt=\"\" width=\"300\" height=\"224\" srcset=\"http:\/\/co2-klimaretter.de\/wp-content\/uploads\/2010\/11\/2.-Anlage-150-kwp-300x224.jpg 300w, http:\/\/co2-klimaretter.de\/wp-content\/uploads\/2010\/11\/2.-Anlage-150-kwp-150x112.jpg 150w, http:\/\/co2-klimaretter.de\/wp-content\/uploads\/2010\/11\/2.-Anlage-150-kwp.jpg 448w\" sizes=\"auto, (max-width: 300px) 100vw, 300px\" \/><\/a><a href=\"http:\/\/co2-klimaretter.de\/wp-content\/uploads\/2010\/11\/Anschlu\u00dfkabel1.jpg\"><img loading=\"lazy\" decoding=\"async\" class=\"alignnone size-medium wp-image-114\" title=\"Anschlu\u00dfkabel(1)\" src=\"http:\/\/co2-klimaretter.de\/wp-content\/uploads\/2010\/11\/Anschlu\u00dfkabel1-300x224.jpg\" alt=\"Die roten Kabel m\u00fcssen noch angeschlossen werden dann ist die Anlage am Netz\" width=\"300\" height=\"224\" srcset=\"http:\/\/co2-klimaretter.de\/wp-content\/uploads\/2010\/11\/Anschlu\u00dfkabel1-300x224.jpg 300w, http:\/\/co2-klimaretter.de\/wp-content\/uploads\/2010\/11\/Anschlu\u00dfkabel1-150x112.jpg 150w, http:\/\/co2-klimaretter.de\/wp-content\/uploads\/2010\/11\/Anschlu\u00dfkabel1.jpg 448w\" sizes=\"auto, (max-width: 300px) 100vw, 300px\" \/><\/a><\/p>\n<p>diese Bilder zeigen die Bauphase kurz vor Netzanschlu\u00df.<\/p>\n","protected":false},"excerpt":{"rendered":"<p>Die Anlage produziert seit anfang 2011 \u00fcberdurchschnittliche Ertr\u00e4ge diese Bilder zeigen die Bauphase kurz vor Netzanschlu\u00df.<\/p>\n","protected":false},"author":1,"featured_media":0,"parent":0,"menu_order":220,"comment_status":"closed","ping_status":"closed","template":"","meta":{"footnotes":""},"class_list":["post-110","page","type-page","status-publish","hentry"],"_links":{"self":[{"href":"http:\/\/co2-klimaretter.de\/index.php?rest_route=\/wp\/v2\/pages\/110","targetHints":{"allow":["GET"]}}],"collection":[{"href":"http:\/\/co2-klimaretter.de\/index.php?rest_route=\/wp\/v2\/pages"}],"about":[{"href":"http:\/\/co2-klimaretter.de\/index.php?rest_route=\/wp\/v2\/types\/page"}],"author":[{"embeddable":true,"href":"http:\/\/co2-klimaretter.de\/index.php?rest_route=\/wp\/v2\/users\/1"}],"replies":[{"embeddable":true,"href":"http:\/\/co2-klimaretter.de\/index.php?rest_route=%2Fwp%2Fv2%2Fcomments&post=110"}],"version-history":[{"count":4,"href":"http:\/\/co2-klimaretter.de\/index.php?rest_route=\/wp\/v2\/pages\/110\/revisions"}],"predecessor-version":[{"id":138,"href":"http:\/\/co2-klimaretter.de\/index.php?rest_route=\/wp\/v2\/pages\/110\/revisions\/138"}],"wp:attachment":[{"href":"http:\/\/co2-klimaretter.de\/index.php?rest_route=%2Fwp%2Fv2%2Fmedia&parent=110"}],"curies":[{"name":"wp","href":"https:\/\/api.w.org\/{rel}","templated":true}]}}

<p>Die Anlage produziert seit anfang 2011 überdurchschnittliche Erträge</p>
<p><a href="http://co2-klimaretter.de/wp-content/uploads/2010/11/2.-Anlage-150-kwp.jpg"><img loading="lazy" decoding="async" class="alignnone size-medium wp-image-112" title="2. Anlage 150 kwp" src="http://co2-klimaretter.de/wp-content/uploads/2010/11/2.-Anlage-150-kwp-300x224.jpg" alt="" width="300" height="224" srcset="http://co2-klimaretter.de/wp-content/uploads/2010/11/2.-Anlage-150-kwp-300x224.jpg 300w, http://co2-klimaretter.de/wp-content/uploads/2010/11/2.-Anlage-150-kwp-150x112.jpg 150w, http://co2-klimaretter.de/wp-content/uploads/2010/11/2.-Anlage-150-kwp.jpg 448w" sizes="auto, (max-width: 300px) 100vw, 300px" /></a><a href="http://co2-klimaretter.de/wp-content/uploads/2010/11/Anschlußkabel1.jpg"><img loading="lazy" decoding="async" class="alignnone size-medium wp-image-114" title="Anschlußkabel(1)" src="http://co2-klimaretter.de/wp-content/uploads/2010/11/Anschlußkabel1-300x224.jpg" alt="Die roten Kabel müssen noch angeschlossen werden dann ist die Anlage am Netz" width="300" height="224" srcset="http://co2-klimaretter.de/wp-content/uploads/2010/11/Anschlußkabel1-300x224.jpg 300w, http://co2-klimaretter.de/wp-content/uploads/2010/11/Anschlußkabel1-150x112.jpg 150w, http://co2-klimaretter.de/wp-content/uploads/2010/11/Anschlußkabel1.jpg 448w" sizes="auto, (max-width: 300px) 100vw, 300px" /></a></p>
<p>diese Bilder zeigen die Bauphase kurz vor Netzanschluß.</p>

<p>Die Anlage produziert seit anfang 2011 überdurchschnittliche Erträge diese Bilder zeigen die Bauphase kurz vor Netzanschluß.</p>
