{"id":12,"date":"2010-10-27T00:48:55","date_gmt":"2010-10-27T00:48:55","guid":{"rendered":"http:\/\/co2-klimaretter.de\/?page_id=12"},"modified":"2019-12-13T15:52:08","modified_gmt":"2019-12-13T15:52:08","slug":"projekte","status":"publish","type":"page","link":"http:\/\/co2-klimaretter.de\/?page_id=12","title":{"rendered":"Projekte"},"content":{"rendered":"<p>Unter den unten angegebenen Links werden sie direkt zu den jeweiligen Ertragsdaten der derzeit aktiven Anlagen geleitet. Bei einigen Anlagen ist dies Aufgrund der Richtlinien der Fern\u00fcberwachungsbetreiber nur zeitweise m\u00f6glich.<\/p>\n<p><a href=\"http:\/\/www.sunnyportal.com\/Templates\/PublicPage.aspx?page=dedef243-c072-4cc7-92e6-04e7127a01de \">Anlage Zickwolff<\/a> 57 kwp integrierte Aufdachanlage auf einem Lager und B\u00fcrogebaude in Mainz. Seit 2004 am Netz.<\/p>\n<p><a href=\"http:\/\/www.grotkasten.de\/p050805\/aktuell.htm\">Anlage Gewerbliche Schule Schorndorf<\/a> ca. 18 kwp auf dem Dach der Gewerblichen Schule in Schorndorf seit 2005 am Netz.<\/p>\n<p><a href=\"http:\/\/co2-klimaretter.de\/?page_id=104\" target=\"_self\" rel=\"noopener noreferrer\">Anlage Udine<\/a>, Norditalien\u00a0 fast 800 kwp wurde bis zum 31.12.2010 auf dem Dach eines neu erbauten Einkaufszentrums errichtet.<\/p>\n<p><a href=\"http:\/\/co2-klimaretter.de\/?page_id=110\" target=\"_self\" rel=\"noopener noreferrer\">Anlagen Florina<\/a>, Griechenland\u00a0 ca. 160 km westlich von Thessalonike,\u00a0 4 Freifl\u00e4chenanlagen mit jeweils 150 kwp die seit\u00a0 Januar 2011 am Netz angeschlossen sind.<\/p>\n<p><a href=\"http:\/\/stahlhalle.pv-fernueberwachung.de\/\">Anlage Stahlhalle Zickwolff<\/a>, Mainz\u00a0 235 kwp die im Rahmen einer Asbestsanierung auf den s\u00fcdseitigen Dachfl\u00e4chen der Lagerhalle eines Stahlhandels in Mainz im Jahr 2011 gebaut wurden.<\/p>\n<p><a href=\"https:\/\/www.sunnyportal.com\/Templates\/PublicPageOverview.aspx?page=c35a4744-c2a5-49da-979c-817e56b37963&amp;plant=40454022-4427-4be4-906e-cfe84980b107&amp;splang=de-DE\">Anlage IGS<\/a>, Mainz 100 kwp auf dem Dach einer neu erbauten Turnhalle einer Gesamtschule in Mainz-Bretzenheim Netzanschlu\u00df April 2012<\/p>\n<p><a href=\"http:\/\/wusterhausen.pv-fernueberwachung.de\/\">Anlage Wusterhausen<\/a>, Brandenburg, 218 kwp, die im Rahmen einer Asbestsanierung auf 2 D\u00e4cher eines Bauerhofes in Wusterhausen Dossow errichtet wurden. Die D\u00e4cher haben eine S\u00fcd\/Nordausrichtung. Es ist unsere erste Anlage die zum Teil auf einem Norddach installiert wurde, wir sind sehr gespannt auf die Ertragsdaten. Netzanschlu\u00df erfolgte im November 2012.<\/p>\n<p><img decoding=\"async\" src=\"file:\/\/\/C:\/DOKUME%7E1\/JRGENH%7E1\/LOKALE%7E1\/Temp\/moz-screenshot.png\" alt=\"\" \/>Mit den weiteren Links kommen Sie zu Ertragsdatenbanken, aus denen Sie entnehmen k\u00f6nne welches Potential zur CO2-einsparung Photovoltaikanlagen haben.<a href=\"http:\/\/www.sonnenertrag.de\" target=\"_blank\" rel=\"noopener noreferrer\"><br \/>\n<\/a><a href=\"http:\/\/www.sonnenertrag.de\" target=\"_self\" rel=\"noopener noreferrer\"><img decoding=\"async\" src=\"http:\/\/www.sonnenertrag.de\/Bilder\/banner1-2.gif\" alt=\"Sonnenertrag das Sonnenportal\" border=\"0\" \/><\/a><\/p>\n<p><a title=\"Ertragsdatenbank SMA\" href=\"http:\/\/www.sunnyportal.com\" target=\"_self\" rel=\"noopener noreferrer\">http:\/\/www.sunnyportal.com<\/a><\/p>\n<p>Zur Zeit unterst\u00fctzen wir kleine Solarprojekte in Kenia und \u00c4thopien \u00fcber die Solar Transfer GmbH, bzw. die Stiftung Solarenergie (http:\/\/www.stiftung-solarenergie.de) und Sun Connect eg (http:\/\/www.solar-connect.org\/de.html) um m\u00f6glichst vielen Menschen den Zugang zu sauberer Energie zu erm\u00f6glichen. Hier sehen sie die neueste <a href=\"http:\/\/co2-klimaretter.de\/?page_id=168\">Spendenbescheinigung<\/a><\/p>\n","protected":false},"excerpt":{"rendered":"<p>Unter den unten angegebenen Links werden sie direkt zu den jeweiligen Ertragsdaten der derzeit aktiven Anlagen geleitet. Bei einigen Anlagen ist dies Aufgrund der Richtlinien der Fern\u00fcberwachungsbetreiber nur zeitweise m\u00f6glich. Anlage Zickwolff 57 kwp integrierte Aufdachanlage auf einem Lager und B\u00fcrogebaude in Mainz. Seit 2004 am Netz. Anlage Gewerbliche Schule Schorndorf ca. 18 kwp auf&hellip;<\/p>\n","protected":false},"author":1,"featured_media":0,"parent":0,"menu_order":200,"comment_status":"closed","ping_status":"closed","template":"","meta":{"footnotes":""},"class_list":["post-12","page","type-page","status-publish","hentry"],"_links":{"self":[{"href":"http:\/\/co2-klimaretter.de\/index.php?rest_route=\/wp\/v2\/pages\/12","targetHints":{"allow":["GET"]}}],"collection":[{"href":"http:\/\/co2-klimaretter.de\/index.php?rest_route=\/wp\/v2\/pages"}],"about":[{"href":"http:\/\/co2-klimaretter.de\/index.php?rest_route=\/wp\/v2\/types\/page"}],"author":[{"embeddable":true,"href":"http:\/\/co2-klimaretter.de\/index.php?rest_route=\/wp\/v2\/users\/1"}],"replies":[{"embeddable":true,"href":"http:\/\/co2-klimaretter.de\/index.php?rest_route=%2Fwp%2Fv2%2Fcomments&post=12"}],"version-history":[{"count":18,"href":"http:\/\/co2-klimaretter.de\/index.php?rest_route=\/wp\/v2\/pages\/12\/revisions"}],"predecessor-version":[{"id":179,"href":"http:\/\/co2-klimaretter.de\/index.php?rest_route=\/wp\/v2\/pages\/12\/revisions\/179"}],"wp:attachment":[{"href":"http:\/\/co2-klimaretter.de\/index.php?rest_route=%2Fwp%2Fv2%2Fmedia&parent=12"}],"curies":[{"name":"wp","href":"https:\/\/api.w.org\/{rel}","templated":true}]}}