{"id":15,"date":"2010-10-27T00:51:16","date_gmt":"2010-10-27T00:51:16","guid":{"rendered":"http:\/\/co2-klimaretter.de\/?page_id=15"},"modified":"2010-11-08T12:36:24","modified_gmt":"2010-11-08T12:36:24","slug":"co2-rechner","status":"publish","type":"page","link":"http:\/\/co2-klimaretter.de\/?page_id=15","title":{"rendered":"CO<sub>2<\/sub>-Rechner"},"content":{"rendered":"<p>Unter diesem Link finden Sie den <a href=\"http:\/\/lfu.klimaktiv-co2-rechner.de\/de_DE\/popup\/?cat=person\" target=\"_blank\">C0<sub>2<\/sub>-Rechner  Bayrisches Landesamt f\u00fcr Umwelt<\/a>.<\/p>\n<p>Sie k\u00f6nnen sich ihren CO2 aussto\u00df im gesamten oder f\u00fcr einzelne Bereiche des Lebens berechnen lassen und erhalten Tips zur Einsparung von CO2<\/p>\n<p><a href=\"http:\/\/www.lfu.bayern.de\/luft\/fachinformationen\/co2_rechner\/index.htm\"><\/a><\/p>\n","protected":false},"excerpt":{"rendered":"<p>Unter diesem Link finden Sie den C02-Rechner Bayrisches Landesamt f\u00fcr Umwelt. Sie k\u00f6nnen sich ihren CO2 aussto\u00df im gesamten oder f\u00fcr einzelne Bereiche des Lebens berechnen lassen und erhalten Tips zur Einsparung von CO2<\/p>\n","protected":false},"author":1,"featured_media":0,"parent":0,"menu_order":300,"comment_status":"closed","ping_status":"closed","template":"","meta":{"footnotes":""},"class_list":["post-15","page","type-page","status-publish","hentry"],"_links":{"self":[{"href":"http:\/\/co2-klimaretter.de\/index.php?rest_route=\/wp\/v2\/pages\/15","targetHints":{"allow":["GET"]}}],"collection":[{"href":"http:\/\/co2-klimaretter.de\/index.php?rest_route=\/wp\/v2\/pages"}],"about":[{"href":"http:\/\/co2-klimaretter.de\/index.php?rest_route=\/wp\/v2\/types\/page"}],"author":[{"embeddable":true,"href":"http:\/\/co2-klimaretter.de\/index.php?rest_route=\/wp\/v2\/users\/1"}],"replies":[{"embeddable":true,"href":"http:\/\/co2-klimaretter.de\/index.php?rest_route=%2Fwp%2Fv2%2Fcomments&post=15"}],"version-history":[{"count":6,"href":"http:\/\/co2-klimaretter.de\/index.php?rest_route=\/wp\/v2\/pages\/15\/revisions"}],"predecessor-version":[{"id":128,"href":"http:\/\/co2-klimaretter.de\/index.php?rest_route=\/wp\/v2\/pages\/15\/revisions\/128"}],"wp:attachment":[{"href":"http:\/\/co2-klimaretter.de\/index.php?rest_route=%2Fwp%2Fv2%2Fmedia&parent=15"}],"curies":[{"name":"wp","href":"https:\/\/api.w.org\/{rel}","templated":true}]}}

<p>Unter diesem Link finden Sie den <a href="http://lfu.klimaktiv-co2-rechner.de/de_DE/popup/?cat=person" target="_blank">C0<sub>2</sub>-Rechner  Bayrisches Landesamt für Umwelt</a>.</p>
<p>Sie können sich ihren CO2 ausstoß im gesamten oder für einzelne Bereiche des Lebens berechnen lassen und erhalten Tips zur Einsparung von CO2</p>
<p><a href="http://www.lfu.bayern.de/luft/fachinformationen/co2_rechner/index.htm"></a></p>

<p>Unter diesem Link finden Sie den C02-Rechner Bayrisches Landesamt für Umwelt. Sie können sich ihren CO2 ausstoß im gesamten oder für einzelne Bereiche des Lebens berechnen lassen und erhalten Tips zur Einsparung von CO2</p>
