{"id":6,"date":"2010-10-27T00:33:01","date_gmt":"2010-10-27T00:33:01","guid":{"rendered":"http:\/\/co2-klimaretter.de\/?page_id=6"},"modified":"2012-11-19T13:46:19","modified_gmt":"2012-11-19T13:46:19","slug":"home","status":"publish","type":"page","link":"http:\/\/co2-klimaretter.de\/","title":{"rendered":"Wir \u00fcber uns"},"content":{"rendered":"<p>Wir besch\u00e4ftigen uns seit mehreren Jahren mit Energieeinsparungen und CO<sub>2<\/sub>-Reduzierung. Wir sind der Ansicht, dass unsere Kinder Anspruch auf eine m\u00f6glichst lebenswerte Umwelt haben. Die industrialisierten L\u00e4nder haben ihren Lebensstandard zu einem gro\u00dfen Teil auf CO<sub>2<\/sub>-Verbrauch aufgebaut. Die Schwellen- und Entwicklungsl\u00e4nder fordern jetzt zu Recht auch einen immer gr\u00f6\u00dferen Anteil daran. Der Abbau von \u00d6l und Kohle geht mit starken Umweltbelastungen und h\u00e4ufig mit gewaltsamen Konflikten einher.<\/p>\n<p>Wir sind der festen \u00dcberzeugung, dass Einsparungen im CO<sub>2<\/sub>-Bereich und dezentrale, CO<sub>2<\/sub>-freie Energieerzeugung zu einer gerechteren, s\u00e4ubereren und friedlicheren Welt f\u00fchren.<\/p>\n<p>Seit dem Jahr 2004 haben wir eine Solaranlage auf einer Lagerhalle mit mehr als 1300 qm Grundfl\u00e4che, au\u00dferdem eine Beteiligung an der B\u00fcrgersolaranlage Grafenbergschule Schorndorf.\u00a0 In den letzten Jahren haben wir unsere Solaraktivit\u00e4ten erweitern und Solaranlagen in Deutschland, in Griechenland in der N\u00e4he von Florina und in Udine Italien errichtet bzw. uns an diesen Solaranlagen beteiligt. Wo immer es m\u00f6glich und sinnvoll ist, versuchen wir \u00fcber die reine Solarnutzung hinaus Mehrwerte durch die Solaranlage zu schaffen, wie z.Bsp. durch die Sanierung von Asbestd\u00e4chern.<\/p>\n<p>Die durch diese Anlagen eingesparten CO<sub>2<\/sub>-Mengen verkaufen wir gerne in Form von <a href=\"http:\/\/co2-klimaretter.de\/?page_id=20\">Zertifikaten<\/a> an interessierte Menschen, die sich aktiv gegen den Klimawandel stellen wollen.\u00a0\u00a0\u00a0 Diese Zertifikate sind auch ein ideales Geschenk f\u00fcr Menschen, die schon alles haben. Auch Mitmenschen, die die Notwendigkeit einer Verhaltens\u00e4nderung einsehen, aber trotzdem gerne weiter Porsche fahren wollen, k\u00f6nnen so ihr gr\u00fcnes Gewissen etwas beruhigen. Au\u00dferdem dokumentieren diese optisch sehr ansprechenden Zertifikate, dass man sich mit dem Themengebiet nachhaltige Energieversorgung und weltweiter Verantwortung auseinandergesetzt und auch gehandelt hat.<\/p>\n","protected":false},"excerpt":{"rendered":"<p>Wir besch\u00e4ftigen uns seit mehreren Jahren mit Energieeinsparungen und CO2-Reduzierung. Wir sind der Ansicht, dass unsere Kinder Anspruch auf eine m\u00f6glichst lebenswerte Umwelt haben. Die industrialisierten L\u00e4nder haben ihren Lebensstandard zu einem gro\u00dfen Teil auf CO2-Verbrauch aufgebaut. Die Schwellen- und Entwicklungsl\u00e4nder fordern jetzt zu Recht auch einen immer gr\u00f6\u00dferen Anteil daran. Der Abbau von \u00d6l&hellip;<\/p>\n","protected":false},"author":1,"featured_media":0,"parent":0,"menu_order":100,"comment_status":"closed","ping_status":"closed","template":"","meta":{"footnotes":""},"class_list":["post-6","page","type-page","status-publish","hentry"],"_links":{"self":[{"href":"http:\/\/co2-klimaretter.de\/index.php?rest_route=\/wp\/v2\/pages\/6","targetHints":{"allow":["GET"]}}],"collection":[{"href":"http:\/\/co2-klimaretter.de\/index.php?rest_route=\/wp\/v2\/pages"}],"about":[{"href":"http:\/\/co2-klimaretter.de\/index.php?rest_route=\/wp\/v2\/types\/page"}],"author":[{"embeddable":true,"href":"http:\/\/co2-klimaretter.de\/index.php?rest_route=\/wp\/v2\/users\/1"}],"replies":[{"embeddable":true,"href":"http:\/\/co2-klimaretter.de\/index.php?rest_route=%2Fwp%2Fv2%2Fcomments&post=6"}],"version-history":[{"count":11,"href":"http:\/\/co2-klimaretter.de\/index.php?rest_route=\/wp\/v2\/pages\/6\/revisions"}],"predecessor-version":[{"id":9,"href":"http:\/\/co2-klimaretter.de\/index.php?rest_route=\/wp\/v2\/pages\/6\/revisions\/9"}],"wp:attachment":[{"href":"http:\/\/co2-klimaretter.de\/index.php?rest_route=%2Fwp%2Fv2%2Fmedia&parent=6"}],"curies":[{"name":"wp","href":"https:\/\/api.w.org\/{rel}","templated":true}]}}

Wir über uns

<p>Wir beschäftigen uns seit mehreren Jahren mit Energieeinsparungen und CO<sub>2</sub>-Reduzierung. Wir sind der Ansicht, dass unsere Kinder Anspruch auf eine möglichst lebenswerte Umwelt haben. Die industrialisierten Länder haben ihren Lebensstandard zu einem großen Teil auf CO<sub>2</sub>-Verbrauch aufgebaut. Die Schwellen- und Entwicklungsländer fordern jetzt zu Recht auch einen immer größeren Anteil daran. Der Abbau von Öl und Kohle geht mit starken Umweltbelastungen und häufig mit gewaltsamen Konflikten einher.</p>
<p>Wir sind der festen Überzeugung, dass Einsparungen im CO<sub>2</sub>-Bereich und dezentrale, CO<sub>2</sub>-freie Energieerzeugung zu einer gerechteren, säubereren und friedlicheren Welt führen.</p>
<p>Seit dem Jahr 2004 haben wir eine Solaranlage auf einer Lagerhalle mit mehr als 1300 qm Grundfläche, außerdem eine Beteiligung an der Bürgersolaranlage Grafenbergschule Schorndorf.  In den letzten Jahren haben wir unsere Solaraktivitäten erweitern und Solaranlagen in Deutschland, in Griechenland in der Nähe von Florina und in Udine Italien errichtet bzw. uns an diesen Solaranlagen beteiligt. Wo immer es möglich und sinnvoll ist, versuchen wir über die reine Solarnutzung hinaus Mehrwerte durch die Solaranlage zu schaffen, wie z.Bsp. durch die Sanierung von Asbestdächern.</p>
<p>Die durch diese Anlagen eingesparten CO<sub>2</sub>-Mengen verkaufen wir gerne in Form von <a href="http://co2-klimaretter.de/?page_id=20">Zertifikaten</a> an interessierte Menschen, die sich aktiv gegen den Klimawandel stellen wollen.    Diese Zertifikate sind auch ein ideales Geschenk für Menschen, die schon alles haben. Auch Mitmenschen, die die Notwendigkeit einer Verhaltensänderung einsehen, aber trotzdem gerne weiter Porsche fahren wollen, können so ihr grünes Gewissen etwas beruhigen. Außerdem dokumentieren diese optisch sehr ansprechenden Zertifikate, dass man sich mit dem Themengebiet nachhaltige Energieversorgung und weltweiter Verantwortung auseinandergesetzt und auch gehandelt hat.</p>

<p>Wir beschäftigen uns seit mehreren Jahren mit Energieeinsparungen und CO2-Reduzierung. Wir sind der Ansicht, dass unsere Kinder Anspruch auf eine möglichst lebenswerte Umwelt haben. Die industrialisierten Länder haben ihren Lebensstandard zu einem großen Teil auf CO2-Verbrauch aufgebaut. Die Schwellen- und Entwicklungsländer fordern jetzt zu Recht auch einen immer größeren Anteil daran. Der Abbau von Öl&hellip;</p>
